me?
True
Let k(y) be the third derivative of 23/24*y**4 + 0*y - 13/6*y**3 + 0 - 15*y**2. Is k(16) a prime number?
False
Let y(g) = 872*g**2 + 38*g - 1. Let x be -10 - -9 - 2*3/(-2). Is y(x) a prime number?
False
Let b = -1143 - -648. Is (-4 - b/25)*(-3 - -338) composite?
True
Let h(d) = 76*d - 61. Let w be h(19). Suppose -5*u = 3*t - w, 0*t - 283 = -u + t. Suppose -q = g + 26 - u, -3*q + 759 = 4*g. Is q composite?
True
Let h = -14834 + 14841. Let d(x) = 6*x**2 - 24 + 29*x**2 + 2*x**2 + 16*x. Is d(h) composite?
False
Let k(l) = 29530*l + 1723. Is k(9) prime?
True
Let m = 81 - 106. Let d be -36733 + m/10*16/(-20). Is d/(-115) - (-2)/(-5) prime?
False
Let j(w) be the first derivative of w**4/4 + w**3/3 - 4*w**2 + 2*w + 5. Let a be j(5). Let c = 435 + a. Is c prime?
True
Let y(i) = -3886*i - 617. Is y(-19) prime?
False
Let x be ((-10)/(-6))/((-3)/36). Let b be ((-34)/(-10))/((-4)/x). Let y(s) = 13*s + 2. Is y(b) composite?
False
Suppose 3*l = 5*n - 33326, 2*l - 2*n + 26771 = 4547. Let i = 7214 - l. Is i prime?
False
Suppose 4*v - 7 = 1. Let o be (-57)/(-38) + 287/v. Let i = o + 1512. Is i prime?
True
Let p(u) = -738*u**2 + 24*u + 10. Let b be p(7). Is (-8)/2 - b/16 a composite number?
True
Let t(w) = 382*w**2 + 18*w + 67. Suppose 19*o = -2*o - 105. Is t(o) composite?
True
Suppose -2*b - 5*b = -4102. Let u = b - 239. Is u composite?
False
Suppose 57 = 5*a - 5*c + 2, -4*a = -5*c - 43. Suppose 4*g = v - 3 + 15, 59 = -4*v + 5*g. Is a/2*(-4376)/v a prime number?
False
Suppose -4*l - 3*v + 399462 = 0, -199710 = -0*l - 2*l + 2*v. Is l a composite number?
True
Suppose 2*n - 17 = -3. Let t = n + 1. Suppose -t - 98 = -2*i. Is i prime?
True
Let i be (-966350)/(-90) + (-2)/9. Suppose 0 = 6*y - 10221 - i. Is y a prime number?
False
Let c = -76 + 76. Suppose 0 = -3*b - 15, o + 0*b + b + 5 = c. Suppose 0 = 2*l + 5*f - 822, o = 4*f - 16. Is l a prime number?
True
Let d be (162/135)/((-2)/(-5)). Let p(k) = 1077*k**2 - 3*k - 7. Is p(d) composite?
False
Let n(b) = -5*b**3 - 8*b + 3. Let x be n(6). Let r = 2678 + x. Is r composite?
False
Let m(t) be the third derivative of t**5/60 - t**4/3 - 2*t**3/3 + 12*t**2. Let n be m(7). Is 30255/33 - 2/n prime?
False
Is (10/15)/(((-8)/(-1098))/(1304/12)) a composite number?
True
Suppose 22*c - 63*c + 476789 = 0. Is c a prime number?
False
Let g = -30655 - -78336. Is g prime?
True
Suppose 7*b - 31832 = 103009. Is b prime?
False
Let j be (-12)/(-24) + (-2)/4. Suppose -2*n + 4*m + 880 = j, -845 - 927 = -4*n + 4*m. Is n a composite number?
True
Let q(z) = -z**3 - 7*z**2 - 3*z - 14. Let n be q(-7). Suppose -n = 7*i - 0. Is (0 - i)/(-2 - (-29250)/14622) prime?
True
Suppose 21 - 26 = -5*s. Suppose r + 0*u = u - s, 0 = -2*r - 2*u + 2. Is 2 - 5 - r - (-4116)/6 a prime number?
True
Suppose -16*n + 42754 + 161902 = 0. Is n a composite number?
False
Let b(u) = 2*u + 6. Let f be b(-1). Suppose -5*p + 0*p + 3*x = 610, 0 = -4*p + f*x - 496. Let d = 276 + p. Is d a prime number?
True
Let f(p) = p**3 - p**2 - 2*p + 139972. Let g be f(0). Suppose 0 = -5*s - 3*z + 349928, -2*s = z + z - g. Is s a composite number?
True
Let v(d) = 261*d**2 - 7*d + 2. Let i be v(4). Is (i/(-75))/(4/(-6)) prime?
True
Suppose 0 = 3*g - 5*p + 33484 - 102887, -10*p + 69463 = 3*g. Is g composite?
True
Suppose 4*c = 2*y - 23728, 0 = -5*y - 11*c + 6*c + 59290. Let j = 363 + y. Is j composite?
True
Let o(p) = p**3 + 8*p**2 + 3*p - 24. Let f be o(-7). Let a be -1*2/f*6 + -62. Is ((-19201)/a)/(1/5) prime?
False
Suppose -11*u = 8*u - 5734793 - 2305494. Is u a composite number?
False
Suppose -213935 = -5*c + u - 72334, 0 = -c + 5*u + 28349. Is c composite?
False
Let c = 2587 + -1226. Suppose 53*l - c = 52*l. Is l prime?
True
Suppose 2*s - y = 3*y + 48, -4*y - 80 = -4*s. Suppose -978 = -5*k + 3*k + f, 0 = -4*f - s. Is k a composite number?
False
Suppose 0 = -k + j - 1123, -2*j = -5*k + 2*j - 5620. Let x = 339 + k. Let u = 1747 + x. Is u a composite number?
True
Let a(v) = 288441*v**3 + 45*v**2 - 42*v + 1. Is a(1) a prime number?
False
Let z = 4791950 + -2306343. Is z composite?
False
Let d = -50 + 37. Let n = d - -8. Let o(t) = 8*t**2 - t. Is o(n) composite?
True
Is 6 - 716970/20*14/21*-5 composite?
True
Let q(s) = -10*s + 34. Let w be q(3). Suppose 3*p + 4*a = 6479, -2 + 6 = -w*a. Is p prime?
True
Let z(j) be the second derivative of -j**3/6 + 8*j**2 - 11*j. Let b be z(13). Suppose -m - m = 2, -8408 = -5*d + b*m. Is d a composite number?
True
Suppose -36*n + 31*n + 5 = 0. Let k(l) = 5 + 928*l + 1597*l + 1735*l. Is k(n) composite?
True
Suppose -12 = -4*q, -4*b - 2*q - 3*q + 15 = 0. Suppose b = 2*r - m - 12497, 5*r + 0*r - 2*m - 31241 = 0. Is r a prime number?
True
Is 25 - (-151952)/18 - 4/(-18) composite?
False
Let w(d) = -12208*d - 457. Is w(-3) a prime number?
False
Suppose 5264 = g - 21980. Suppose -g - 53966 = -15*f. Is f a prime number?
False
Let h = 53489 + 26702. Is h composite?
False
Is (-429868)/(-11) - (-23)/253 composite?
False
Let a be -7*(-2 + 55/35). Suppose 0 = a*z - 11 - 4. Suppose 234 = z*i - 181. Is i a composite number?
False
Let h(c) be the first derivative of c**4/4 - 22*c**3/3 - 3*c**2 + 23*c + 191. Is h(30) a prime number?
True
Let i(j) = 376*j + 25. Let k(x) = -126*x - 8. Let m(c) = 3*i(c) + 8*k(c). Is m(8) prime?
True
Is 84/784*-8 - (-774086)/14 prime?
True
Suppose 101*q = 100*q. Suppose q*r + 7*r = 118139. Is r composite?
True
Let b(c) = 20*c**2 - 14*c - 19. Let a be b(-9). Let d = a - 576. Is d prime?
True
Let w = 55 + -51. Suppose 6*j = -4*j + w*j. Suppose b = 4*o - 4679, j*o - b = -o + 1172. Is o composite?
True
Let j = -158 - -1443. Suppose 2973 = z - j. Is z prime?
False
Suppose 5*a = 19615 - 69365. Let w be 2 - 4 - a - (-2)/(-2). Suppose 10*s = 7983 + w. Is s a composite number?
True
Suppose 2*t + m = 3*m + 8424, 0 = 4*m - 20. Suppose 131223 + t = 16*a. Is a a composite number?
True
Suppose -2 = -5*y + 8. Suppose y*m = 4*r - 906, -m = -4*r - 6*m + 871. Suppose 0 = -o + 155 + r. Is o a composite number?
False
Suppose 0 = -3*l - 11*l + 70. Suppose j + 3*t - 11842 = -3*j, -3*j + 8887 = l*t. Is j a prime number?
False
Let p = -644087 - -1844486. Is (-1 + 0)/((-113)/p) a prime number?
False
Let i = 830 + -836. Let o(h) = -58*h**3 - 23*h**2 + 2*h - 7. Is o(i) composite?
False
Let i = -108 + 190. Let x = i - -109. Is x a prime number?
True
Let s = -2955 + 5954. Is s composite?
False
Suppose -61337 = -y + 539*m - 541*m, 5*y = -5*m + 306670. Is y a prime number?
True
Let w(q) = 18*q**2 - 48*q + 66. Let k be w(20). Let l = k - 3379. Is l a composite number?
False
Let y(o) = -114*o - 25. Let r be (28/(-8) - -3)/((-2)/60). Suppose 4*p - r = 9*p. Is y(p) a composite number?
False
Suppose 21 = 6*d + d. Suppose -4*z + 39 = d*r - 12, -4 = -4*r. Suppose 0 = -z*p + 7*p + 1975. Is p composite?
True
Suppose -1078660564 = -149*r + 30*r - 269*r. Is r prime?
True
Suppose 4*x - 1845*w = -1841*w + 2180784, -20 = 4*w. Is x a prime number?
False
Let m(c) = 2*c**3 - 23*c**2 + 31*c - 11. Let q be m(10). Is ((-4324)/6 - -3)*3/q a composite number?
False
Suppose -2*i + 28194 = -12188. Is i prime?
False
Let l(b) = -181*b + 11. Let x be l(3). Let f = x - -2659. Is f a prime number?
False
Is (23955489/138)/(9*(3/(-18))/(-1)) a prime number?
True
Suppose -178*o = -50579185 + 12382343. Is o a prime number?
True
Let v = 48 - 36. Is (-4)/(v/33)*-173 prime?
False
Suppose -263*z = -4376737 - 20261892. Is z composite?
False
Suppose -5*g + 20 = 0, 0 = -37*m + 42*m - 2*g - 444027. Is m prime?
True
Suppose -4*o - 5*s + 8504329 = 0, o - 2126116 = -90*s + 85*s. Is o composite?
True
Let h(q) = -q**2 - 9*q - 6. Let u be h(-8). Suppose 2*w = 2*p - 28, 4*w - u*w = -4*p + 26. Suppose p*a - 1434 = 7*a. Is a a prime number?
False
Let t be 10/(2 + (2 - 2)). Let k be (-10 + 4 + 8)*759/6. Suppose -t*j - 2*i = -k, 3*j + i - 148 = -4*i. Is j a prime number?
False
Let o(j) = -j**3 + 6*j**2 + 3*j - 15. Let p(b) = -b + 30. Let q be p(24). Let i be o(q). Suppose g + 287 = i*z - 3*g, -374 = -4*z + g. Is z a composite number?
True
Let d be ((-3)/15)/((-2)/370). Let a = 41 - d. Suppose -a*s + 106 = -386. Is s a composite number?
True
Suppose -5*y = -5*s - 9755 + 343310, 2*s + 5*y = 133436. Is s a composite number?
False
Suppose 0 = 9*o - 22374 - 4671. Is o a prime number?
False
Let k(t) = -12*t - 17. Let 